hat is the ten millions digit of 75805647?
7
What is the thousands digit of 275219732?
9
What is the thousands digit of 140472565?
2
What is the hundreds digit of 304439115?
1
What is the ten thousands digit of 76977849?
7
What is the hundred thousands digit of 975884280?
8
What is the tens digit of 64741135?
3
What is the ten millions digit of 754579620?
5
What is the hundred thousands digit of 198677679?
6
What is the hundreds digit of 1453106974?
9
What is the millions digit of 147442164?
7
What is the tens digit of 393002315?
1
What is the hundred thousands digit of 37255758?
2
What is the hundred thousands digit of 25614179?
6
What is the thousands digit of 3514237595?
7
What is the millions digit of 383184458?
3
What is the ten millions digit of 672424569?
7
What is the units digit of 499792114?
4
What is the hundreds digit of 168626885?
8
What is the hundred millions digit of 1718760489?
7
What is the hundreds digit of 46166096?
0
What is the tens digit of 81802410?
1
What is the millions digit of 650434305?
0
What is the hundred thousands digit of 6538296?
5
What is the ten millions digit of 43481843?
4
What is the millions digit of 102469128?
2
What is the tens digit of 639757265?
6
What is the ten millions digit of 24646157?
2
What is the hundred millions digit of 481496466?
4
What is the thousands digit of 1375012227?
2
What is the hundred thousands digit of 229442752?
4
What is the ten thousands digit of 871921925?
2
What is the hundred thousands digit of 1554284457?
2
What is the units digit of 67285098?
8
What is the hundreds digit of 52002330?
3
What is the tens digit of 25547267?
6
What is the hundreds digit of 60247038?
0
What is the thousands digit of 37755146?
5
What is the thousands digit of 50933286?
3
What is the units digit of 394210085?
5
What is the hundreds digit of 24671206?
2
What is the tens digit of 59486530?
3
What is the hundred millions digit of 3248521736?
2
What is the billions digit of 1367523909?
1
What is the hundred thousands digit of 224043553?
0
What is the millions digit of 68003025?
8
What is the ten millions digit of 1918051880?
1
What is the ten millions digit of 52689732?
5
What is the hundred thousands digit of 1864260941?
2
What is the hundreds digit of 131179204?
2
What is the ten thousands digit of 981598770?
9
What is the tens digit of 1203425951?
5
What is the thousands digit of 1773632649?
2
What is the units digit of 17712805?
5
What is the ten thousands digit of 18287623?
8
What is the tens digit of 80498195?
9
What is the hundred thousands digit of 433986110?
9
What is the tens digit of 5166762236?
3
What is the units digit of 8332713?
3
What is the millions digit of 160327083?
0
What is the thousands digit of 2201711286?
1
What is the ten millions digit of 159657797?
5
What is the ten thousands digit of 237177010?
7
What is the billions digit of 1086048808?
1
What is the hundreds digit of 15149248?
2
What is the tens digit of 893622200?
0
What is the hundreds digit of 188720715?
7
What is the units digit of 125880656?
6
What is the hundreds digit of 3331171320?
3
What is the thousands digit of 4047821273?
1
What is the hundreds digit of 986489185?
1
What is the units digit of 1668446401?
1
What is the units digit of 6365663142?
2
What is the hundred thousands digit of 917774?
9
What is the hundred thousands digit of 203660767?
6
What is the ten millions digit of 1381841646?
8
What is the hundred thousands digit of 43872996?
8
What is the tens digit of 48217100?
0
What is the ten millions digit of 216557779?
1
What is the tens digit of 43682823?
2
What is the hundred millions digit of 1106039375?
1
What is the units digit of 2235447194?
4
What is the ten thousands digit of 26259176?
5
What is the hundreds digit of 2376319243?
2
What is the thousands digit of 1647359846?
9
What is the millions digit of 1688879644?
8
What is the units digit of 2539017618?
8
What is the units digit of 162347674?
4
What is the billions digit of 2361580071?
2
What is the ten thousands digit of 267337087?
3
What is the millions digit of 59251556?
9
What is the units digit of 4307392702?
2
What is the hundred millions digit of 133164740?
1
What is the hundred millions digit of 258909772?
2
What is the millions digit of 279175187?
9
What is the millions digit of 149560803?
9
What is the hundreds digit of 1689128773?
7
What is the thousands digit of 1437690954?
0
What is the millions digit of 1024442?
1
What is the units digit of 2390238755?
5
What is the ten millions digit of 299416293?
9
What is the units digit of 3538142523?
3
What is the units digit of 888224692?
2
What is the billions digit of 4227240486?
4
What is the units digit of 310533548?
8
What is the ten thousands digit of 66419081?
1
What is the thousands digit of 83901310?
1
What is the ten millions digit of 4220849353?
2
What is the millions digit of 4008652?
4
What is the ten millions digit of 5132747580?
3
What is the thousands digit of 24691761?
1
What is the ten millions digit of 36144757?
3
What is the thousands digit of 1003938843?
8
What is the tens digit of 70979601?
0
What is the hundreds digit of 257808870?
8
What is the thousands digit of 2361072847?
2
What is the ten thousands digit of 3306912511?
1
What is the tens digit of 5724994094?
9
What is the thousands digit of 1177748947?
8
What is the hundred thousands digit of 191549101?
5
What is the ten thousands digit of 68909589?
0
What is the tens digit of 5172140?
4
What is the units digit of 268150900?
0
What is the tens digit of 32160522?
2
What is the units digit of 651029559?
9
What is the ten thousands digit of 3039281182?
8
What is the hundred millions digit of 703172092?
7
What is the units digit of 60906003?
3
What is the millions digit of 988661725?
8
What is the hundreds digit of 44803129?
1
What is the tens digit of 66191072?
7
What is the tens digit of 104569491?
9
What is the ten millions digit of 1649856995?
4
What is the ten thousands digit of 22169127?
6
What is the millions digit of 70309143?
0
What is the ten thousands digit of 2199528576?
2
What is the ten thousands digit of 1367042502?
4
What is the millions digit of 67464609?
7
What is the hundreds digit of 154252817?
8
What is the tens digit of 662195197?
9
What is the ten thousands digit of 48024583?
2
What is the hundreds digit of 555279357?
3
What is the hundred thousands digit of 143553394?
5
What is the billions digit of 1423032866?
1
What is the hundreds digit of 102052881?
8
What is the ten thousands digit of 45723840?
2
What is the tens digit of 204071008?
0
What is the tens digit of 50994093?
9
What is the hundreds digit of 29863432?
4
What is the thousands digit of 67614648?
4
What is the units digit of 13751914?
4
What is the thousands digit of 4754990?
4
What is the hundred thousands digit of 46969956?
9
What is the millions digit of 863115486?
3
What is the hundred millions digit of 3251439979?
2
What is the hundreds digit of 1793233163?
1
What is the units digit of 1325703510?
0
What is the units digit of 465080940?
0
What is the ten thousands digit of 142875467?
7
What is the ten millions digit of 1543193845?
4
What is the units digit of 1748722807?
7
What is the hundreds digit of 406331104?
1
What is the millions digit of 32740911?
2
What is the units digit of 35645731?
1
What is the ten thousands digit of 277502537?
0
What is the ten millions digit of 3162062055?
6
What is the hundred thousands digit of 6781890283?
8
What is the ten thousands digit of 636966687?
6
What is the units digit of 124766281?
1
What is the units digit of 1082108235?
5
What is the millions digit of 174551978?
4
What is the hundred thousands digit of 476324892?
3
What is the tens digit of 196073387?
8
What is the tens digit of 379201098?
9
What is the ten thousands digit of 161673694?
7
What is the ten thousands digit of 4070732667?
3
What is the hundred thousands digit of 449428700?
4
What is the hundreds digit of 220645652?
6
What is the millions digit of 72083895?
2
What is the ten millions digit of 435281967?
3
What is the millions digit of 350787995?
0
What is the millions digit of 40561560?
0
What is the hundreds digit of 49249900?
9
What is the ten millions digit of 864279738?
6
What is the hundred millions digit